 f.
3, 193
Let o(q) = q + 150. Let w be o(-22). Let a = w + -113. What are the prime factors of a?
3, 5
What are the prime factors of 10610 - -8 - (-2 - 4/(-1))?
2, 1327
Suppose 18 = -6*q - 0*q. Let g be 2/(-2)*(6 - (-11 - -16)). List the prime factors of 9 + (q - (-4 - g)) + 2.
11
Suppose -2*o = 1 + 1. Let t(j) be the third derivative of -17*j**6/60 - j**5/30 + j**3/6 + 221*j**2 + 1. List the prime factors of t(o).
3, 11
Suppose 338 = 11*f + 316. Suppose -5*u - f*w + 3404 = 0, -10*w + 5*w = 3*u - 2031. What are the prime factors of u?
2, 11, 31
Let c(o) = 8*o + 218. Let z be c(-27). Suppose -u = 0, 230 = z*h + 3*u - 0*u. List the prime factors of h.
5, 23
Let x be (22 - 21)/(2/548). Suppose -x - 322 = -2*i. List the prime factors of i.
2, 149
Let n(l) = -17952*l**3 + 13*l**2 - 11. What are the prime factors of n(-1)?
2, 47, 191
Suppose -141*t + 17915 = -136*t. What are the prime factors of t?
3583
Suppose 2*k = 3*m - 59, 3*m = 3*k + 2*k + 71. Let f(g) = -g**2 + 20*g + 6. Let i be f(m). Suppose 89 + i = s. What are the prime factors of s?
2, 73
List the prime factors of (-2 - -3)/((-1801455)/(-150120) + -12).
2, 3, 139
Let l(v) = -v**3 - v + 1. Let c be l(0). List the prime factors of (c*-31)/(3/(432/(-8))).
2, 3, 31
Let c(f) = 9*f**2 - 49*f + 113. What are the prime factors of c(-12)?
1997
Let c be 12/(-36)*(-330)/2. Let w = c - 55. Suppose w = -9*o + 4*o + 2*p + 163, -2*o - p = -58. What are the prime factors of o?
31
Let b be (252/108 - (-2)/(-6)) + 2. Suppose 3*f = 4*p - 315 - 1480, 0 = b*p - 5*f - 1805. List the prime factors of p.
5, 89
Suppose -265025 = -69*y + 108196. What are the prime factors of y?
3, 601
Suppose -6*v + 5*v = 28. Suppose 0 = 4*g - 202 + 58. Let m = g + v. What are the prime factors of m?
2
Let v = 42 + 12. Let a = 86 + v. List the prime factors of a.
2, 5, 7
List the prime factors of 0 + (-5)/(360/(-344763)) - (-3)/(-8).
2, 3, 7, 19
Suppose -r + 46436 - 19153 = 3*u, -136351 = -5*r + u. List the prime factors of r.
27271
Let r(q) = 13*q**2 + 115*q + 118. What are the prime factors of r(-26)?
2, 3, 17, 29
What are the prime factors of 1301230/55 - (-87)/319?
59, 401
Let n be 29/(-4*(-3)/(-24)). Let t = 372 + n. What are the prime factors of t?
2, 157
Let i be 1 + (-3)/1 + 0. Let r(o) be the second derivative of -40*o**3/3 - 9*o**2/2 + 3135*o. What are the prime factors of r(i)?
151
Let q be 8/2 + 286 + -6. Suppose 5064 = 292*a - q*a. What are the prime factors of a?
3, 211
Suppose -l + 19 = g - 3*l, 3*l + 60 = 3*g. Let x = g - -172. Let y = -136 + x. List the prime factors of y.
3, 19
Let h = -19 - -21. Let q(s) = s**2 - 9*s + 4. Let y be q(9). Suppose 0 = 7*o - h*o - r - 105, 2*o + y*r - 20 = 0. What are the prime factors of o?
2, 5
Suppose -79*u = -75*u - 4*z + 12, 0 = -3*u - 3*z - 3. List the prime factors of (u/(-4) + -2)*(1 + -1287).
3, 643
Let k(b) = -5*b**2 + 130*b + 5. Let t be k(26). Suppose 0 = -t*f - 5*n + 5275, 2*f - n - 654 = 1465. What are the prime factors of f?
2, 23
Let n(b) = 8*b**2 - 8*b - 15. Let g be (0 + -1)*(-40)/(-8). What are the prime factors of n(g)?
3, 5
Let d = 2386 - -1300. Let n = 5218 - d. List the prime factors of n.
2, 383
Suppose 4*p - 28 = 4*u, -2*u - 26 = -3*p - 4*u. Let t(l) = 11*l**2 + 2*l - 30. List the prime factors of t(p).
2, 3, 5, 23
Let m = 15212 - 3611. List the prime factors of m.
3, 1289
Suppose -28*w = 18*w - 91908. Let z = -840 + w. What are the prime factors of z?
2, 3, 193
Suppose 0 = 5*r + 2*w - 564, -5*r + 612 = -0*r - 4*w. List the prime factors of r.
2, 29
List the prime factors of (-193927)/(-106) + 9/6.
1831
Suppose -3480 = -6*s - 6*s. Let r = s + 417. What are the prime factors of r?
7, 101
Let t = 22249 + -10993. What are the prime factors of t?
2, 3, 7, 67
List the prime factors of 10*(5 + 613)*3/((-135)/(-42)).
2, 7, 103
Let t(l) = -l**3 - 33*l**2 + 36*l + 75. Let a be t(-34). Suppose 0 = 2*i - 2 + 72. List the prime factors of (-3205)/i + 3/a.
2, 23
List the prime factors of 49489 + ((-9)/(-7) - (459/63 + -7)).
2, 5, 7, 101
Suppose -1682 = -c - 2*t + 521, -t = 2*c - 4406. Suppose -1012 = -5*d + c. List the prime factors of d.
643
Suppose i + 7 = l + 6*i, -5*l + 3*i = -7. What are the prime factors of -1 - l - (-2401)/7?
2, 5, 17
Suppose 42*c = 29*c - 33*c + 215280. What are the prime factors of c?
2, 3, 5, 13
Let l = -3438 - -3725. List the prime factors of l.
7, 41
Suppose -212 = s - 5*u + 156, u = -5*s - 1814. Let j = 165 - s. List the prime factors of j.
2, 3, 11
Let d(r) = 0 - 1 - 14*r**2 + 19*r - 6*r + 2*r**3 + 3. List the prime factors of d(6).
2
Let s(b) = 69*b**2 - 27*b - 417. Let n(i) = -5*i**2 + 2*i + 32. Let p(a) = 27*n(a) + 2*s(a). What are the prime factors of p(-13)?
3, 179
Let q = 85 + -85. Suppose -19*g - 7*g + 18954 = q. What are the prime factors of g?
3
Let o(d) = d - 38. Let t be o(36). What are the prime factors of (-1492)/(-9) - -2*t/(-18)?
2, 83
Let i = -37 + 43. What are the prime factors of -1 + i + 346 + 6?
3, 7, 17
Let b(c) = 10*c**2 - 4*c + 39. Suppose -3*q - 26 = -2*m - 4, -3*q = -5*m + 46. List the prime factors of b(m).
647
Let w = -96 - -172. Let k = w - -7. Suppose -636 = -k*p + 77*p. What are the prime factors of p?
2, 53
Let y(v) = -875*v + 7602. Let l(h) = -23*h + 200. Let k(g) = -77*l(g) + 2*y(g). List the prime factors of k(15).
7, 17
Suppose -574*v + 568*v + 456 = 0. Suppose -5*f = 3*x - 21, 3*x = -f + 2*x + 5. Suppose f*p - 4*y - v = y, -2*y - 44 = -2*p. List the prime factors of p.
17
Suppose 0 = -6*n - 4 + 16. Suppose -2*q = n*q - 8. Suppose q*m - 4 = 0, -4*k + 168 = -0*k + 2*m. List the prime factors of k.
41
List the prime factors of 12872*-6*(-14)/168.
2, 1609
List the prime factors of ((-942935)/(-600) - (-3)/72)/((-2)/(-35)).
7, 3929
Suppose -10*x - 93 = -453. What are the prime factors of 422 - 13/(78/x)?
2, 13
Let s(m) = m**3 - 99*m**2 + 281*m - 511. List the prime factors of s(102).
23, 29, 89
Let p = 27686 - 19080. What are the prime factors of p?
2, 13, 331
Let v(t) = 1391*t + 5. Let i be v(1). Suppose 0 = -3*j + j - 3*q + 693, 4*q - i = -4*j. Suppose 0 = -0*c + 4*c - 5*n - j, -2 = n. List the prime factors of c.
2, 43
Let c be -3*((-1)/(-6) - 21/(-18)). Let k be (42/(-4) - 1)*c. Let j = k + -26. What are the prime factors of j?
2, 5
Let k(c) = 128*c**3 - 7*c**2 + c + 11. Let w be k(3). Suppose -4*t + w = -5*r + 256, 5*t + 4*r = 3949. What are the prime factors of t?
3, 263
Let b(n) be the third derivative of -137*n**4/24 - 51*n**3 - 103*n**2. List the prime factors of b(-7).
653
Let j(h) = 2*h**2 + 3*h - 3. Let v be j(1). Suppose 5*i - 2*s = 16, -v*s = -i - 0*i. Suppose z + 255 = i*z. List the prime factors of z.
5, 17
Suppose -23*b = -22*b - 4. Suppose -4 = -b*j, 0 = -5*y + 2*j - 5*j + 4328. List the prime factors of y.
5, 173
Let a be (4 - -1)/(25/15). Suppose 5*b - 1561 = 4*q + 1189, -a*b = -3*q - 1647. List the prime factors of b.
2, 277
Let q(g) = 20*g - 44. Let v be q(4). What are the prime factors of 2952/21 + v/84?
3, 47
Let y = -202 + 234. Let r = 243 + y. What are the prime factors of r?
5, 11
Let d(n) = n + 18. Suppose 0*l = 6*l - 18. Suppose -v = 2*q + 27, -3*q = -6*q - l*v - 42. What are the prime factors of d(q)?
5
Let w(q) = 5*q**2 - 6*q + 12. Suppose 0 = -3*f + 7*f - 32. Let u be w(f). Suppose u = 3*z - 64. What are the prime factors of z?
2, 29
Suppose 8*x - 2365842 = -36*x - 70*x. List the prime factors of x.
20753
Suppose p - 7 = -9, 5*s + 966 = -3*p. Let a = -53 - s. What are the prime factors of a?
139
Let w = -26 - 24. Let g = -50 - w. Suppose g = -4*h - c + 25, -3*h + 2*c + 0*c + 5 = 0. What are the prime factors of h?
5
Let r(y) = 4*y + 24. Let i be r(19). Let t = -80 + i. Let g = 23 + t. List the prime factors of g.
43
Suppose -5*g + 3 + 4 = 4*y, -4*y + 10 = 2*g. Let t be 9 + g*(3 + 1). List the prime factors of (187/(-14) + t/(-35))*-6.
3
Suppose -8 + 20 = 6*b. Suppose -b*n - 2655 = 13*n. Let u = 30 - n. What are the prime factors of u?
3, 23
Let h(o) = -7830*o + 68. What are the prime factors of h(-7)?
2, 23, 1193
Suppose -653*a + 651*a + 12886 = 0. List the prime factors of a.
17, 379
Let c be ((3 - 1) + -16)/(18/63). Let j = c - -63. Suppose -12*i + j*i = 496. List the prime factors of i.
2, 31
Suppose -2*c + 17*c = 4035. Let n = c - 60. Suppose 5*y = -59 + n. List the pr